9. Calculate l(-77).
-2637
Let o(i) = 15982*i - 623287. Calculate o(39).
11
Let r(o) = 2*o**3 + 67*o**2 + 455*o + 48. Determine r(-10).
198
Let i(p) = -3*p**3 + 2157*p**2 - 71817*p - 2060. What is i(684)?
-8
Let p(n) = -3*n**2 + 117118*n + 2812564. What is p(-24)?
4
Let c(d) = -27*d - 2341. Calculate c(-89).
62
Let g(h) = 2*h**2 - 997*h + 24439. Give g(473).
316
Let m(j) = -21*j**2 + 931*j + 107. Determine m(0).
107
Let g(n) = 2*n**2 - 251*n - 51667. Give g(234).
-889
Let h(i) = 39432*i - 394335. Determine h(10).
-15
Let b(q) = -q**3 - 30*q**2 - 118*q - 4614. Determine b(-31).
5
Let n(x) = -83452*x - 417266. Determine n(-5).
-6
Let p(z) = -z**2 - 27*z + 962. Give p(-49).
-116
Let u(y) = -18*y**2 + 4821*y - 386. Determine u(268).
-1190
Let o(l) = 1354942*l - 18969195. What is o(14)?
-7
Let v(j) = 855511*j + 4277534. What is v(-5)?
-21
Let z(s) = s**3 - 55*s**2 + 17*s + 1034. Determine z(54).
-964
Let c(f) = -874*f**2 - 1486*f - 2. What is c(-2)?
-526
Let x(p) = 5155*p - 4397212. Give x(853).
3
Let k(f) = 283*f**2 + 20953*f - 254. Determine k(-74).
-1068
Let h(m) = 68777*m - 412606. Determine h(6).
56
Let q(d) = 7472*d + 702387. What is q(-94)?
19
Let s(y) = -y**3 + 113*y**2 + 162*y - 5478. Give s(114).
-6
Let a(w) = 412627*w - 2063136. What is a(5)?
-1
Let j(z) = -4256*z + 595849. Determine j(140).
9
Let b(m) = -m**2 - 63*m - 1520. What is b(-46)?
-738
Let r(k) = -8313*k + 8420. Give r(1).
107
Let b(u) = 28538*u + 2368669. Determine b(-83).
15
Let l(i) = 46*i**2 - 271*i + 61. Determine l(11).
2646
Let t(h) = 3509*h + 547409. Calculate t(-156).
5
Let h(o) = 795*o**2 + 311639*o - 399. Give h(-392).
-7
Let n(q) = 140*q**2 + 6075*q - 49. Determine n(-43).
-2414
Let k(z) = -2*z**2 - 247*z - 6355. Calculate k(-87).
-4
Let w(x) = -2701*x - 23845. Give w(-9).
464
Let z(p) = 2172*p**2 + 1737606*p + 4800. Calculate z(-800).
0
Let u(o) = -2*o**3 - 9*o**2 - 106*o + 336. Calculate u(3).
-117
Let v(x) = x**3 + 72*x**2 + 928*x - 332. Calculate v(-55).
53
Let n(j) = -2*j**2 + 12295*j - 7. Calculate n(0).
-7
Let f(y) = -y**3 - 448*y**2 + 8392*y + 1867. Determine f(-466).
3
Let f(j) = j**3 + 15*j**2 - 149*j - 1056. Give f(-20).
-76
Let w(g) = 3*g**2 + 381*g + 6119. What is w(-19)?
-37
Let u(m) = m**3 - 10*m**2 - 690*m + 4158. Calculate u(6).
-126
Let a(z) = z**3 + 3*z**2 - 5178*z + 15505. Give a(3).
25
Let a(o) = -4*o**2 - 162*o - 1671. Calculate a(-20).
-31
Let l(n) = -n**2 - 52*n + 3279. Determine l(-89).
-14
Let t(y) = -y**2 + 609*y + 37243. Give t(665).
3
Let h(s) = -1124*s - 9493. Determine h(-9).
623
Let n(g) = 3700*g + 226053. What is n(-61)?
353
Let t(s) = 17620*s - 440433. Calculate t(25).
67
Let p(b) = -2795*b - 30100. Determine p(-11).
645
Let t(s) = -2*s**3 - 126*s**2 - 135*s - 39. Give t(-62).
643
Let m(t) = -1189*t + 7637. Calculate m(6).
503
Let g(s) = -10*s**2 + 11*s + 149. Calculate g(-13).
-1684
Let n(x) = 4*x**2 - 154*x + 726. Determine n(33).
0
Let b(y) = 360*y + 597. What is b(0)?
597
Let u(q) = -21*q**3 - q**2 + 82*q + 241. Calculate u(-3).
553
Let a(n) = -19340*n + 2591688. Calculate a(134).
128
Let j(h) = -88*h**3 + 3*h**2 + 10622*h - 10626. Calculate j(1).
-89
Let b(g) = -g**3 - 4*g**2 + 24254*g + 72758. What is b(-3)?
-13
Let j(p) = 1887*p - 44871. Calculate j(24).
417
Let f(a) = 4146*a - 78729. Calculate f(19).
45
Let w(q) = -59923*q + 12044526. Give w(201).
3
Let j(c) = 14*c**2 - 394*c - 33. Give j(30).
747
Let k(l) = -151*l - 22007. What is k(-145)?
-112
Let j(u) = -7532*u - 22116. Determine j(-3).
480
Let f(z) = 2*z**3 + 1272*z**2 + 6315*z + 37. What is f(-5)?
12
Let i(t) = -5*t**2 + 341*t + 2409. Determine i(-7).
-223
Let k(z) = 23*z**2 + 31*z + 103. Determine k(-4).
347
Let w(d) = -2*d**2 - 3019*d - 18061. Give w(-6).
-19
Let m(n) = -611*n**2 - 33011*n - 919. What is m(-54)?
-1
Let k(m) = 18561*m + 74218. What is k(-4)?
-26
Let u(l) = -4*l**3 - 85*l**2 - 440*l + 110. Give u(-9).
101
Let h(n) = -2*n**2 - 1834*n + 23998. What is h(13)?
-182
Let v(z) = -6849*z + 109605. Calculate v(16).
21
Let r(d) = -d**2 - 19884*d + 238800. Give r(12).
48
Let r(q) = -4065*q + 1012193. Determine r(249).
8
Let y(p) = 139*p**2 - 28915*p + 614. What is y(208)?
-10
Let c(f) = -1744*f + 59475. What is c(34)?
179
Let d(k) = -k**3 - 12*k**2 - 20*k + 134. Determine d(-16).
1478
Let m(h) = h**2 + 279*h - 61771. Calculate m(146).
279
Let t(a) = -139543*a + 69213332. What is t(496)?
4
Let s(v) = v**2 - 3783*v - 34118. What is s(-9)?
10
Let t(k) = -2*k**2 - 993*k - 17185. Give t(-18).
41
Let d(f) = f**2 - 7879*f + 165048. Give d(21).
30
Let n(c) = -25*c**2 - 12*c + 9. Calculate n(3).
-252
Let u(o) = 23*o**2 - 59*o - 213. Determine u(-3).
171
Let u(g) = -g**3 + 166*g**2 - 5293*g + 486. Give u(123).
-6
Let x(w) = -70*w**3 + 5177*w**2 + 264*w - 3109. Give x(74).
-1
Let t(m) = 193*m + 48898. What is t(-262)?
-1668
Let h(b) = -3*b**3 + 198*b**2 - b + 220. Calculate h(66).
154
Let v(r) = r**3 + 155*r**2 + 3137*r - 967. What is v(-131)?
-50
Let u(l) = -l**2 - 795*l - 41657. Determine u(-55).
-957
Let i(a) = a**3 - 321*a**2 + 7397*a + 239. What is i(296)?
-649
Let d(c) = -146442*c + 1610849. Determine d(11).
-13
Let a(t) = -259*t - 7107. Calculate a(-25).
-632
Let b(l) = -4097*l - 118825. Calculate b(-29).
-12
Let x(b) = 9*b**2 - 284*b - 66245. Determine x(103).
-16
Let m(k) = -19*k**2 - 5127*k - 67322. Calculate m(-256).
6
Let p(h) = -234*h - 1115. Determine p(-7).
523
Let b(z) = -18*z**2 - 754*z - 21. Calculate b(-41).
635
Let l(o) = -o**3 + 144*o**2 - 8*o - 606. Calculate l(-2).
-6
Let s(l) = -l**2 + 27*l + 1891. Calculate s(-58).
-3039
Let m(o) = o**3 - 271*o**2 - 1126*o + 7142. Give m(275).
-8
Let h(a) = -2*a**3 + 112*a**2 - 68*a - 773. Calculate h(55).
1537
Let w(d) = 2*d**3 + 101*d**2 - 678*d - 143. Determine w(7).
746
Let s(w) = -449*w - 6063. Determine s(-14).
223
Let h(k) = -9451*k - 235920. Give h(-25).
355
Let q(w) = -8*w**2 + 936*w - 3606. Calculate q(113).
10
Let k(i) = -36874*i - 552990. Give k(-15).
120
Let v(k) = -k**3 + 4*k**2 + 120*k + 47. Calculate v(-8).
-145
Let c(t) = -39*t**2 - 916*t - 5332. What is c(-13)?
-15
Let m(q) = -2189*q - 137761. Determine m(-63).
146
Let r(h) = h**3 - 62*h**2 + 66*h - 360. Give r(61).
-55
Let d(o) = -5557*o - 49924. Determine d(-9).
89
Let d(j) = -39*j**2 + 9512*j - 373. Calculate d(244).
-1349
Let a(r) = 1443*r - 16540. What is a(12)?
776
Let k(d) = 2*d**3 + 430*d**2 - 123*d - 26496. Give k(-215).
-51
Let j(x) = x**3 - 49*x**2 - 1198*x - 78. Give j(-18).
-222
Let s(k) = k**2 - 19*k - 2554. Calculate s(61).
8
Let k(x) = -23*x**2 - 391*x - 3306. Calculate k(-8).
-1650
Let x(r) = r**3 + 57*r**2 + 167*r + 12787. Calculate x(-58).
-263
Let z(w) = 3*w**2 + 572*w + 4695. Determine z(-171).
-5394
Let g(l) = -155*l - 1156. What is g(-8)?
84
Let b(z) = 2*z**3 + 55*z**2 + 15*z - 338. What is b(-27)?
-14
Let k(p) = 520*p**2 - 12931*p - 1723. What is k(25)?
2
Let v(c) = 5*c**3 - 2960*c**2 + 24*c - 14197. What is v(592)?
11
Let y(p) = 168*p**2 - 56768*p - 5402. What is y(338)?
6
Let c(r) = -2*r**3 + 58*r**2 + 341*r + 21. Determine c(34).
55
Let l(i) = 4*i**3 - 89*i**2 + 135*i - 4299. Give l(23).
393
Let k(o) = -4242*o - 16952. What is k(-4)?
16
Let q(u) = -509*u - 822. Give q(-4).
1214
Let u(k) = 4443*k**2 - 168832*k - 77. Calculate u(38).
-1
Let k(j) = -37380*j + 224313. Give k(6).
33
Let j(c) = 12754*c**2 + 140308*c - 6. Calculate j(-11).
-160
Let r(z) = -48*z + 824. Determine r(8).
440
Let b(y) = -299*y + 3350. What is b(11)?
61
Let o(x) = -8512*x**2 + 1600255*x + 115. Give o(188).
-73
Let c(k) = -2*k**2 + 158*k - 449. Give c(70).
811
Let d(a) = -2*a**2 + 978*a - 63993. What is d(409)?
1447
Let o(p) = 12889*p + 7913837. Give o(-614).
-9
Let z(b) = 1240*b + 135163. Determine z(-109).
3
Let w(c) = 10*c**3 + 997*c**2 + 1658*c - 371. Give w(-98).
413
Let i(k) = 61*k**3 - 7136*k**2 + 144*k - 30553. What is i(117)?
-16
Let g(x) = -101*x + 1860. Calculate g(17).
143
Let w(a) = -a**3 + 98*a**2 + 308*a - 20650. Give w(99).
41
Let j(p) = -54*p**3 - 25*p**2 + 14*p + 5. Give j(2).
-499
Let b(p) = -32*p**2 + 1757*p + 5264. Give b(-3).
-295
Let b(g) = 250*g**2 - 194993*g - 5473. Determine b(780).
-13
Let h(b) = -5*b**2 - 1881*b + 460036. Calculate h(-545).
56
Let w(r) = -5848*r + 525229. Give w(90).
-1091
Let o(j) = 4752*j**2 + 14063*j 